ase 9?
416807
Convert 14265046 (base 7) to base 11.
838775
-212221211121 (base 3) to base 10
-471544
330202 (base 8) to base 14
2c4ca
Convert 11062056 (base 8) to base 15.
3219b2
Convert -261e3 (base 15) to base 2.
-11101110001010010
-104423050 (base 6) to base 3
-10120120011010
What is 137104 (base 9) in base 2?
10100011111010000
What is 5051772 (base 8) in base 4?
11011033322
-387bb (base 13) to base 7
-613642
What is 21120200211201 (base 3) in base 5?
2012412232
Convert -21233301 (base 5) to base 2.
-101100000011100011
6076759 (base 10) to base 6
334125051
Convert 1030416 (base 8) to base 12.
112b7a
51003 (base 12) to base 3
12100121010
What is 5acbd (base 16) in base 15?
752d6
What is 49b06 (base 12) in base 2?
11000011011110110
What is 5994229 (base 11) in base 3?
201122122100011
86256 (base 10) to base 5
10230011
Convert -38550 (base 12) to base 2.
-10010110000001100
Convert -40405302 (base 7) to base 5.
-1330111024
What is 201218 (base 16) in base 11?
1206113
2001021112110 (base 3) to base 14
204746
What is -2081b (base 14) in base 2?
-10011001001011001
Convert -510270 (base 9) to base 15.
-5e756
-101501211 (base 6) to base 11
-aa6452
What is 4449aa4 (base 11) in base 8?
35606713
What is 100110111110100100010110 (base 2) in base 4?
212332210112
100010302002 (base 4) to base 3
21221002101000
1215450 (base 7) to base 12
76076
What is -2824051 (base 9) in base 5?
-344120413
Convert 11100100100110110111011 (base 2) to base 7.
120446442
-1d88d3 (base 16) to base 8
-7304323
9709865 (base 10) to base 11
5532190
What is 2100223212 (base 4) in base 7?
5015511
Convert 31401100 (base 5) to base 4.
1000013322
-7115261 (base 8) to base 12
-764a15
Convert -10401425 (base 6) to base 7.
-2434631
Convert 2342423 (base 5) to base 16.
a9e0
Convert 4140203 (base 5) to base 14.
1abbc
-8137 (base 14) to base 2
-101011010110101
Convert 3004513 (base 6) to base 11.
96a51
-101000110001010101101 (base 2) to base 10
-1335981
112030021103 (base 4) to base 5
2442120130
Convert 11000011210 (base 4) to base 13.
36b9b0
What is -8aa (base 14) in base 3?
-2100122
What is 101001011010110011111 (base 2) in base 3?
2112221202020
Convert -5559a (base 16) to base 6.
-11254254
Convert 113300245 (base 6) to base 16.
2064c5
214121 (base 7) to base 14
d911
What is -14364162 (base 7) in base 5?
-322013211
What is 18285 (base 13) in base 16?
b5f8
What is -10bb5 (base 13) in base 11?
-20a6a
What is -1011110100111000 (base 2) in base 15?
-e545
Convert 15ab2f (base 16) to base 5.
330420304
What is 602880 (base 10) in base 11?
381a53
What is -62665 (base 13) in base 6?
-3442441
What is -1033312233 (base 4) in base 2?
-1001111110110101111
What is -aa5494 (base 12) in base 6?
-133551104
Convert -972501 (base 12) to base 8.
-11071521
What is 1e1c4 (base 15) in base 7?
556354
213331113 (base 4) to base 15
33766
-2334301242 (base 5) to base 16
-52297c
Convert -50162516 (base 7) to base 14.
-7a04b6
Convert -7602 (base 12) to base 4.
-3022202
Convert -102286 (base 9) to base 6.
-1145123
3640608 (base 10) to base 9
6757870
What is -10010111000110100011110 (base 2) in base 7?
-60041232
1337db (base 16) to base 11
7902a5
1102322232 (base 4) to base 13
bb785
Convert -44372 (base 9) to base 5.
-1420333
-89915 (base 14) to base 11
-208881
Convert 302352 (base 7) to base 16.
c85b
What is 3226d6 (base 15) in base 11?
1390995
-21120102120 (base 3) to base 13
-52aa9
What is 624775 (base 8) in base 2?
110010100111111101
What is -526660 (base 7) in base 6?
-1542211
Convert 858ac6 (base 16) to base 5.
4220024224
Convert 33033021 (base 5) to base 14.
7546b
Convert -41155 (base 6) to base 2.
-1010101011111
-252642 (base 8) to base 11
-5a788
-59752 (base 11) to base 2
-10101000001001000
What is 5353d (base 14) in base 2?
110001001010000011
22002201122102 (base 3) to base 5
2100231330
11021122111 (base 3) to base 4
110211103
What is 714320 (base 8) in base 15?
49ca3
Convert -e020 (base 15) to base 6.
-1002520
What is 102221022122 (base 3) in base 12?
b3b8b
24248 (base 15) to base 3
12212010012
110102010111012 (base 3) to base 8
31123374
What is 1010111001011101 (base 2) in base 9?
67206
What is -183030 (base 12) in base 8?
-1464144
10a574a (base 12) to base 5
1304444200
What is 15153002 (base 6) in base 11?
330871
What is 770609 (base 11) in base 7?
13313460
What is -122313022200 (base 4) in base 5?
-3300313241
What is 102702705 (base 8) in base 16?
10b85c5
What is 2360735 (base 11) in base 4?
33230220332
What is 11001011010000110000 (base 2) in base 7?
10035201
428e (base 16) to base 10
17038
4efd42 (base 16) to base 9
10660014
What is -2154101 (base 6) in base 10?
-108469
Convert -3cc10b (base 14) to base 3.
-10222002002020
1031030230 (base 4) to base 7
2454610
Convert -e1e2 (base 16) to base 9.
-87281
What is 5b223 (base 12) in base 9?
206650
What is -2133213123 (base 4) in base 14?
-130391
Convert 1ea51 (base 16) to base 10.
125521
Convert -121231010 (base 4) to base 16.
-19b44
What is 312020221 (base 5) in base 15?
1a5041
Convert -15142314 (base 6) to base 3.
-222202112101
What is -514fc (base 16) in base 7?
-2554666
What is 35d01b (base 15) in base 2?
1001110100101100101111
-4321020 (base 5) to base 12
-36490
What is 100001212100111 (base 3) in base 13?
cc99a3
421067 (base 9) to base 2
111101000011111100
-470295 (base 16) to base 8
-21601225
-897339 (base 10) to base 16
-db13b
31211 (base 4) to base 13
51b
Convert -1001111100100010111101 (base 2) to base 9.
-4813472
What is 30a94a (base 13) in base 15?
17703c
Convert 1423010442 (base 5) to base 2.
1110001100000101001001
-1414045 (base 6) to base 12
-3a325
167b3 (base 12) to base 6
405143
-101200011101 (base 3) to base 12
-a169a
Convert -1201012201102 (base 3) to base 16.
-de113
Convert 2013334032 (base 5) to base 4.
33123010021
-543223 (base 6) to base 8
-127377
Convert 73825 (base 10) to base 2.
10010000001100001
111101101100101010010101 (base 2) to base 16
f6ca95
Convert -3155576 (base 8) to base 16.
-cdb7e
Convert 42a6a (base 11) to base 14.
18ad2
331213023 (base 4) to base 8
754713
-22189 (base 15) to base 5
-11431404
Convert 5b5391 (base 12) to base 11.
922031
Convert 60612 (base 11) to base 16.
15a09
What is -678b7 (base 16) in base 6?
-13031303
What is -351505 (base 10) in base 5?
-42222010
76a886 (base 13) to base 6
135514253
What is 1200220012221 (base 3) in base 4?
3130203133
What is 1022001121021 (base 3) in base 4?
2220132121
Convert -14d4b (base 15) to base 16.
-10631
What is 20ab033 (base 13) in base 8?
46003655
Convert 96379 (base 12) to base 3.
101000221110
101321001 (base 6) to base 9
3260761
What is 5633050 (base 11) in base 14?
144d9aa
What is -6461314 (base 7) in base 16?
-c063d
What is 20120123233 (base 4) in base 14?
412a51
What is 1111010100110011010110 (base 2) in base 9?
7502710
Convert 1122331400 (base 5) to base 3.
11210011222000
Convert -663d08 (base 15) to base 2.
-10010100101101101100010
What is 21735a (base 15) in base 9?
2888204
Convert 325553 (base 8) to base 11.
75232
What is -13201323003 (base 4) in base 7?
-22530654
Convert -a5641 (base 14) to base 11.
-252950
What is -20251562 (base 7) in base 9?
-3160735
-edbe8 (base 16) to base 5
-222130200
2431334302 (base 5) to base 11
3264516
What is -45120310 (base 8) in base 7?
-145535632
-2098a (base 13) to base 7
-333206
What is 1013214 (base 7) in base 15?
25d93
-3123416 (base 8) to base 11
-516a97
128868 (base 12) to base 14
7d3d6
Convert -13b01f (base 16) to base 4.
-10323000133
What is -237042 (base 15) in base 13?
-474269
-2132010130 (base 4) to base 3
-1012220010201
What is -3043d (base 16) in base 10?
-197693
What is -16e4e5 (base 15) in base 13?
-2cbbb3
2689987 (base 11) to base 15
619ae9
What is -11000100000110100011111 (base 2) in base 14?
-bd3b1d
Convert -1334984 (base 10) to base 13.
-379841
What is 57622400 (base 8) in base 6?
1124254400
122130422 (base 5) to base 3
1002122001101
Convert -15b15 (base 14) to base 10.
-54311
Convert -77281 (base 12) to base 4.
-212133001
Convert 6471047 (base 8) to base 5.
420430114
Convert 212102020001 (base 3) to base 4.
1300201123
12101332 (base 5) to base 8
334115
20846a8 (base 11) to base 14
6b6230
-101010011111010 (base 2) to base 15
-66a4
Convert -10000110011000000 (base 2) to base 15.
-155ba
34592b (base 12) to base 